s digit of i?
2
What is the units digit of 6/((-55)/(-45) + -1)?
7
Let m = -72 - -152. What is the tens digit of m?
8
Suppose x - 1 = -0. Let m = 1 + x. Suppose -m*b - b = -27. What is the units digit of b?
9
Let g be -1 + (-3)/(-1)*1. Let c = 6 - g. What is the units digit of 132/(-8)*c/(-6)?
1
Let y be (-8)/6*(-60)/8. What is the units digit of (y/(-25))/((-2)/30)?
6
Suppose -5*k + 37 = -28. Suppose 2*a + k = -g, -3*a - 2*a = -2*g + 37. Let z(u) = -2*u - 5. What is the units digit of z(a)?
9
Let f(y) = -y**2 - 9*y - 8. Let j(c) = -c**3 - 8*c**2 - 7*c + 5. Let o be j(-7). Suppose -u - 4*u = -3*k - 13, -1 = k - o*u. What is the units digit of f(k)?
0
Suppose 2*r + 26 + 42 = 5*s, -4*r - 10 = -s. Suppose -g + o - s = -2*o, 17 = 2*g + 3*o. Suppose -f = -g - 5. What is the units digit of f?
6
Suppose -61 = -2*f - 5*s, 9 = f + 5*s - 24. What is the tens digit of f?
2
Suppose 0*v + 125 = 3*v + 5*q, -4*v = -q - 136. Let h = 2 + v. Let i = -23 + h. What is the tens digit of i?
1
Let k(z) = 2*z**2 - 2*z + 33. What is the tens digit of k(0)?
3
Suppose u - 41 = 2*p + 4*u, 2 = -2*u. Let k = 0 - p. Let f = -6 + k. What is the tens digit of f?
1
Let g = -55 + 209. What is the hundreds digit of g?
1
Let b = -15 - -26. What is the units digit of b?
1
Let z be ((-195)/(-20))/(6/16). Let c = z + -18. What is the units digit of c?
8
What is the tens digit of (-99)/(-2) + 27/(-18)?
4
Suppose -3*k - 14 = 10. Let f = k - -10. What is the units digit of f?
2
Suppose 0*u - u - 20 = 0. Let f be u/(-9) + 8/(-36). Suppose 0 = -5*n - t + 2*t + 31, 2 = -f*t. What is the units digit of n?
6
Let c = 8 - 5. Suppose -c*w + 5*w = 0. What is the units digit of w + 0 - (-1 - 1)?
2
Let a be 1 - (-2 - -6)/2. Let g be a/(-2)*(-2 + 14). What is the units digit of 4/g + 13/3?
5
Let k be (108/(-30))/(6/20). Let y(d) = d**3 + 13*d**2 + 13*d + 14. What is the units digit of y(k)?
2
Let a = -70 - -113. What is the units digit of a?
3
Let z(k) be the second derivative of k**4/12 - k**2/2 + 2*k. Let s be z(4). Suppose -5*q = -s, m = -2*q - 8 + 19. What is the units digit of m?
5
Let o be (-4 - -2 - -2)/1. Suppose -5*v + 106 = 3*c, o*c = 5*v + 2*c - 109. What is the tens digit of v?
2
Let n = -1 + 4. Suppose 4*q + 3*v + 39 = 0, n*q - 11 = 5*v - 4. Let y = q - -13. What is the units digit of y?
7
Let i = 2 + 26. Suppose 0 = -5*y + 42 + i. What is the tens digit of y?
1
Let k(h) = -h**3 + 8*h**2 - 5*h + 1. What is the tens digit of k(6)?
4
Let u = -25 + 127. What is the units digit of u?
2
Suppose -z - z + 36 = 0. Let p = -8 + z. Suppose -2*i = -p - 4. What is the units digit of i?
7
Suppose 6*p = 328 + 824. What is the tens digit of p?
9
Let a(m) = 17*m + 15. What is the tens digit of a(2)?
4
Suppose 0*k = 2*k - 4. Suppose -k*o + 52 = 2*o. What is the units digit of o?
3
Let q = 6 + -3. Suppose q*o - 56 = o. What is the tens digit of o?
2
Let s(v) = v**3 + 8*v**2 - 2*v - 10. Let o be -5 + (-1)/((-4)/(-8)). What is the tens digit of s(o)?
5
Suppose -3*m + 4*f + f = -35, 5*m + 2*f = 17. Suppose -2*g + 3*w - 7 = -4, m*w = 15. What is the units digit of g?
3
Let m be (-1)/6 + (-17)/6. Let n(g) = 2*g + 2. Let j be n(m). What is the units digit of ((-14)/(-6))/(j/(-12))?
7
Let g = 14 + -12. Suppose -g*i = -21 - 21. What is the units digit of i?
1
Let z = -2 + 12. Suppose -4*y + 5*y - z = 0. What is the tens digit of y?
1
Let t = 77 + -49. What is the tens digit of t?
2
What is the tens digit of 2/12 + (-526)/(-12)?
4
Let g = 76 - 56. What is the units digit of g?
0
Suppose -3 = -5*h - 0*z - 2*z, -5*z = -4*h + 9. Let g be (3/h + -2)*20. Suppose g = 6*w - 2*w. What is the units digit of w?
5
Let l(d) = -7*d - 2. What is the tens digit of l(-4)?
2
Let f be 3 - 1 - (-176 - -2). Let x be f/18 - (-4)/18. Let k = -5 + x. What is the units digit of k?
5
Let o(p) = -p**2 - 5*p + 8. Let l be o(-6). Suppose 2*v - 14 = -l*i + 4*v, -3*i - v = -1. What is the units digit of i?
2
What is the units digit of 54*4/6 + 1?
7
Suppose i + 5*o = 9, 2*o = -0*i - 3*i + 79. What is the tens digit of i?
2
Let x be (-3 - (-39)/3)/(-1). What is the tens digit of 153/15 + 2/x?
1
Let h = -10 + 17. Suppose h*z - 92 = 3*z. What is the tens digit of z?
2
Suppose 0*s + 24 = 4*s. Let z be -6*(s/(-9) - -1). Let p(o) = -7*o - 1. What is the tens digit of p(z)?
1
What is the tens digit of ((-645)/(-30))/(2/8)?
8
Let h = 94 + -33. Let s = h + -27. What is the tens digit of s?
3
Let i(n) = -n + 9. Let a be i(6). Suppose 0*d = -a*d + 12. Suppose -d*m + 6 = -10. What is the units digit of m?
4
Let s = 2 + -3. Let u be ((-21)/15 - s)*5. What is the units digit of u/(-8) + 14/8?
2
Let v be 24/10*20/6. Let m(u) = u - v - 5*u + 2*u. What is the units digit of m(-7)?
6
Let f = 13 + -8. Suppose -3*y = -m + 6, -4*m + 3*y + 18 = -f*m. What is the units digit of (m/5)/(9/(-30))?
4
Let l(h) = h**2. Let z be l(2). Suppose z*k - 13 = 3*k. What is the units digit of k?
3
What is the tens digit of 2 - ((-81 - -2) + 3)?
7
Suppose -n + 0*n - 13 = 2*b, 0 = -4*n - 4*b - 36. Let c(l) be the first derivative of -l**4/4 - 4*l**3/3 + l**2 - 7*l + 1. What is the units digit of c(n)?
8
Let i be (1 + -7)/(2 + -4). Suppose 4*g = 4*d + 64, 4*g - 22 = i*d + 47. What is the tens digit of g?
2
Let q(l) = -l**2 - 5*l + 5. Suppose d + 0 = -5. Let r be q(d). Suppose -r*s + 39 = -b + 1, s - 4 = -b. What is the units digit of s?
7
Suppose -3*p - 4 = -7. What is the tens digit of p*-1*(9 - 34)?
2
Let s = 11 + 43. Suppose -4*r = -10 - s. What is the units digit of r?
6
Let k = -8 - -27. What is the units digit of k?
9
Let u = -250 - -462. What is the tens digit of u?
1
Let p(j) = -j**3 - j - 2. Let y be p(0). Let m = y - -5. Suppose -2*r - 16 = -3*w - 0, 0 = -5*w - m*r + 14. What is the units digit of w?
4
Let d(o) be the third derivative of -o**4/24 + 4*o**3/3 + o**2. What is the units digit of d(0)?
8
What is the units digit of (-191)/(-7) + 10/(-35)?
7
Let k = 24 - 35. Let r = k - -23. What is the tens digit of r?
1
Let v(d) = -d + 10 - 7*d**2 + 2*d**2 + 2*d**2 + 2*d**2. What is the units digit of v(0)?
0
Let h(a) = 49*a**2 + 3*a - 4. What is the tens digit of h(1)?
4
Suppose -2*i + 12 = 2*g, -g + 5 = -i - 1. What is the tens digit of 370/12 + 1/g?
3
Suppose -6*c + 2*c + 64 = 0. What is the tens digit of c?
1
Let a(d) = -22*d**2 - 3*d + 1. Let s be (-2 + 1)/((-1)/5). Let f be a(s). What is the units digit of f/(-30) - 2/(-10)?
9
Let v be -1 + 0/(-3) + 4. Suppose 4*n + 130 = 5*l, -2*l = -0*n + v*n - 75. What is the units digit of l?
0
Suppose 0 = -2*m - 3*t + 330, 133 = 3*m + 5*t - 360. What is the units digit of m?
1
Let j be -3*(0 - (-14)/6). What is the units digit of (j/4 - 0)*-4?
7
Let p be ((-108)/6)/((-2)/(-3)). Let i = -17 - p. What is the tens digit of i?
1
Let j(m) = -m**3 + 7*m**2 - m - 1. What is the units digit of j(5)?
4
Let v(u) = -u**3 + 9*u**2 - u + 9. Let s be v(9). Suppose s*b - 5*b = -20. What is the units digit of b?
4
Let j(i) = 18*i**2 - 1. Let z be 3 - 2*(-1 + 2). What is the tens digit of j(z)?
1
Let f = -7 - -11. Suppose f*a + 6 = 22. What is the units digit of a?
4
Let o be -5*(-1 + (-6)/(-15)). Suppose -3*c = -15, 0 = -o*s - s - 2*c + 14. Let l = s - -4. What is the units digit of l?
5
Let o(v) = v**3 - 7*v**2 - v + 7. Let m be o(7). Suppose -2*k - 3*k + 90 = m. What is the tens digit of k?
1
Suppose 0 = 34*d - 37*d + 171. What is the units digit of d?
7
Let k be 2 + (0 - (-2 + 2)). Let d(z) = 4*z - 2 + 2. What is the units digit of d(k)?
8
Let m(r) = 10*r - r**3 - 3*r + 6 + 2 + 6*r**2. Let w be m(6). What is the units digit of (-2)/6 + w/6?
8
Suppose 5*k + 2*u - 158 = 0, 0 = 2*u + 5 - 3. What is the tens digit of k?
3
Let l(x) = -x**3 + 4*x**2 + 6*x - 6. Let r be l(4). Suppose -n = -3*n + 20. What is the units digit of r/n - 3/(-15)?
2
What is the units digit of 152/6 + 2/(-6)?
5
Let g = 49 + -43. What is the units digit of g?
6
Let r(t) be the third derivative of 7*t**4/24 - t**3/6 - 3*t**2. What is the units digit of r(1)?
6
Let v(p) = 19*p - 30. What is the hundreds digit of v(9)?
1
Suppose -1 = -4*s + 11. Suppose c - a - 3*a = -335, -1037 = s*c + 4*a. What is the tens digit of (-1)/(-5) - c/35?
1
Suppose q - 131 = -5*o + 45, -2*o + 68 = q. Let g be 1/(-4) - o/(-16). Suppose -z = g*z + x - 42, z - 4*x - 1 = 0. What is the units digit of 